se m*v = -2*g + 43 + 11, -g + 21 = -v. List the prime factors of g.
2, 3
Let d be 3 - ((-4)/4 + 0). Suppose -d*q = -2*q. Suppose -x - 2*t + 37 = -6*t, -4*t - 8 = q. List the prime factors of x.
29
Let y(z) = z**2 + 6*z + 2. Let q be y(-3). Let a(k) = k + 11. Let i be a(q). List the prime factors of 2 + (16/i - -8).
2, 7
Suppose 3*p - p = 6, 4*u - 4*p = -32. Let d = u - -109. What are the prime factors of d?
2, 13
Let u be -1 + (3 - (0 + 0)). Let x(q) = 39*q**3 - 5*q. List the prime factors of x(u).
2, 151
Let z(x) = -x**3 + 2 + 44*x - 44*x + 6*x**2. What are the prime factors of z(4)?
2, 17
Let x be (-52)/5 - ((-48)/(-30))/(-4). List the prime factors of (2 - 1335/x)*2.
271
Let v be 736/(-10) - (-28)/(-70). Let k = 131 + v. Let c = k + -19. List the prime factors of c.
2, 19
Let m(c) = c**2 - 7*c + 4. Let x be m(5). Let y be x/9*(-15)/2. Let z = 4 + y. List the prime factors of z.
3
Let k(g) = -35*g - 13. Suppose 2*s = -33 + 23. List the prime factors of k(s).
2, 3
Let s be 88/32 - (-6)/(-8). Suppose 0 = -4*t - s*f + 16, -f + 6 + 5 = 3*t. Suppose 68 = t*d - 13. List the prime factors of d.
3
Let k = -23 - -17. Let r(d) = -9*d - 15. What are the prime factors of r(k)?
3, 13
Let c = 993 - 391. What are the prime factors of c?
2, 7, 43
Let o(v) = 4*v - 13. Let i be (-170)/(-14) + 1/(-7). What are the prime factors of o(i)?
5, 7
Let d(p) = -7*p - 5. Suppose 7*j + 2 = 8*j. Let v(z) = -z**2 - 2. Let y be v(j). List the prime factors of d(y).
37
Let t be (-1)/2 + 18/4. Suppose -2*r + 8*g = 3*g, -t*r = 4*g. Suppose r = -3*i - i + 124. What are the prime factors of i?
31
Let a(n) = -4*n - 19. Let s(b) = -8*b - 39. Let h(o) = 5*a(o) - 2*s(o). List the prime factors of h(-17).
3, 17
Suppose 12236 = -o + 15*o. List the prime factors of o.
2, 19, 23
Suppose 8*f - 13184 = -8*f. What are the prime factors of f?
2, 103
Suppose -w + 0*x - 13 = 3*x, 23 = -5*w - x. List the prime factors of w/12 - 1508/(-6).
251
Let i(z) = z + 45. Let g be 0 + (4/(-4))/1. Let j be 0 - g - 6/6. What are the prime factors of i(j)?
3, 5
Let i(z) = -z**3 + 6*z**2 - z - 7. Let t be i(5). Suppose 32*n - 31*n + 5 = 0. Let d = n + t. List the prime factors of d.
2
Let o = 9 - -11. Suppose 3*p + 4*t = 5*p - 114, -o = 4*t. List the prime factors of p.
47
Let c = 191 + -123. List the prime factors of c + -3 - (6 + -3).
2, 31
Let a be (-5 - -1) + 2 + 9. Suppose -a*r + 8 = -3*r. Suppose -u = r*o - 29, 15 = u - 4*o - 32. List the prime factors of u.
5, 7
Suppose 2*i = -12*i + 31500. List the prime factors of i.
2, 3, 5
What are the prime factors of -20*15*(-25)/4?
3, 5
Suppose -h - 5*t + 2813 = 0, h - 14*t + 16*t - 2804 = 0. What are the prime factors of h?
2, 1399
Suppose -23 = -3*w + 5*i, -w + 3*i = -5*w - 8. Let f(q) = 48*q - 3. List the prime factors of f(w).
3, 5
Let o be (2/(-3))/((-1)/(-564)). Let h = -232 - o. What are the prime factors of h?
2, 3
Suppose 0*t - 3*t + 336 = 0. List the prime factors of t.
2, 7
Let q be (-83)/(-1) - 9/3. Let u(z) = -z + q*z**3 - 79*z**3 + 4*z. What are the prime factors of u(3)?
2, 3
Let n be (-1 - (1 + -2))*1. Suppose 0*s - 2*s = n. Suppose s = -u, 126 = -w + 4*w - 5*u. List the prime factors of w.
2, 3, 7
Let r be ((-21)/6 + 4)/(3/636). Suppose -r + 3 = -v. What are the prime factors of v?
103
Let o(w) = -2*w**3 - 28*w**2 - 34*w + 20. What are the prime factors of o(-17)?
2, 11, 53
Let a = 15 - 12. Suppose 4 = -2*u - 0*u + 2*h, 0 = a*h. Let i(s) = 3*s**2 - 3*s - 1. List the prime factors of i(u).
17
Suppose 0 = -4*b + 1634 + 1266. List the prime factors of b.
5, 29
Let q be (3*26)/1 - -2. Let u(k) = k**3 + 8*k**2 - 3*k - 4. Let v be u(-8). Suppose 5*n = q - v. List the prime factors of n.
2, 3
What are the prime factors of (54 - 49) + 1812 + 0?
23, 79
Suppose 39*b - 48*b + 1206 = 0. What are the prime factors of b?
2, 67
Suppose 47*q - 43*q + 108 = 0. Let a = -21 - q. What are the prime factors of a?
2, 3
Let w(t) = t**2 + 14*t + 112. List the prime factors of w(24).
2
Let k(z) = 12*z**2 + 36*z + 10. List the prime factors of k(-7).
2, 173
Let a be (12/8)/((-2)/4). Let q = a - -8. Suppose 4*d = 0, k - d + 108 = q*k. List the prime factors of k.
3
Let v = 416 - 227. Let u = v + -125. List the prime factors of u.
2
Suppose 10*r - 5944 = 1956. What are the prime factors of r?
2, 5, 79
Let p = -232 + 434. What are the prime factors of p?
2, 101
Let d(b) = 4*b**2 + 70*b - 96. List the prime factors of d(-45).
2, 3, 809
Let r = 32 - 13. Suppose -r - 29 = -f. List the prime factors of f.
2, 3
Suppose 3*i - 6 = -2*m + 3*m, 0 = -3*m + 3*i - 6. Suppose -2*c + 66 = 5*h, 0 = -m*c + 3*c - h - 82. What are the prime factors of c?
2, 7
List the prime factors of -6*(-8)/(-144) + 2296/3.
3, 5, 17
Suppose -5*v + 12 = 2, 0 = p + 4*v - 1813. List the prime factors of p.
5, 19
Suppose -108 = -2*y - 2*y. Suppose -y = -r + 34. Suppose 6*n = 7*n - r. What are the prime factors of n?
61
Suppose 39894 = -o + 62*o. List the prime factors of o.
2, 3, 109
Let t = 3 + -9. Let p(i) = i**3 + 5*i**2 - 7*i - 5. Let o be p(t). List the prime factors of 0 + -1 + 7/o.
2, 3
Let s = -102 - -46. Let u be 80/14 - 16/s. Suppose 5*i + g - u*g - 35 = 0, 0 = -2*g + 4. List the prime factors of i.
3
Let t(c) = -14*c**3 - 5*c**2 - c + 3. Suppose -7*x + 4*x - 6 = 0. List the prime factors of t(x).
97
Suppose -2*l - 3*y + 165 = 0, 2*l - y = -3*l + 421. Suppose -88 = -3*x + 5*m, 3*m + l = x + 2*x. List the prime factors of (3 - 1) + x + -23.
5
Let i(z) = 3*z**2 - 8*z - 1. Let t be i(3). What are the prime factors of (-4 + (7 - t))*242?
2, 11
Let v be (-1 + -4 - -10)*(-2)/(-5). Suppose -v*w = 4*d + 3*w - 889, 1115 = 5*d + 5*w. What are the prime factors of d?
2, 113
Let d(f) be the second derivative of 3*f**5/20 - f**4/4 + f**3/6 - f**2/2 - f. Let j be ((-98)/(-7) - 8) + -4 + 0. What are the prime factors of d(j)?
13
Let r be 5/(-10)*1*22. Let f = 23 + r. Suppose -9*c - 81 = -f*c. List the prime factors of c.
3
Let k(f) = 41*f**3 + f**2 - 2. List the prime factors of k(2).
2, 3, 5, 11
Suppose 40*b - 10*b = 57270. What are the prime factors of b?
23, 83
Suppose -1491 = 97*k - 104*k. List the prime factors of k.
3, 71
Suppose z - 5*z = 12, 2*z = 5*u - 41. Let y = u - 8. List the prime factors of ((-279)/(-36))/(y/(-8)).
2, 31
Suppose 0*o + o = 3*g + 597, 3*o - 2*g = 1756. List the prime factors of o.
2, 3, 97
Suppose -6 = -3*p + 3, -5*v = -2*p + 1. Let w be (v + -2)/(8/(-1120)). Suppose -36 = -4*m + w. List the prime factors of m.
2, 11
Let x(h) be the second derivative of h**4/12 + h**3/2 - 4*h**2 - 5*h. What are the prime factors of x(6)?
2, 23
Let m = 402 + 684. What are the prime factors of m?
2, 3, 181
Let w = 15 + -8. Suppose -103 = w*p - 1321. What are the prime factors of p?
2, 3, 29
Suppose 10*d - 4997 = 1913. List the prime factors of d.
691
Suppose -15*p = -17*p - 216. Let o = 23 - p. What are the prime factors of o?
131
Let s be (-405)/75 + (-2)/(-5). Let x = s + 18. List the prime factors of x.
13
Let h = -601 - -752. What are the prime factors of h?
151
Suppose -3*o - d = -233, 5*o - 132 = 3*o + 4*d. Let i = o - 43. List the prime factors of i.
3, 11
List the prime factors of ((-3423)/(-12))/((-24)/(-288)).
3, 7, 163
What are the prime factors of (-2)/3 - (7194/(-18) + 0)?
3, 7, 19
Suppose -5*f + 2*f = -6, 5*v = 2*f + 16. Suppose -m - 4*m - 3*y = -124, 77 = v*m - 5*y. What are the prime factors of m?
23
List the prime factors of 835 - (6 - ((-2 - -2) + 11)).
2, 3, 5, 7
Suppose -2*d - d - 20 = -5*c, -3*d - 12 = -3*c. Suppose j - 6*j + 320 = d. List the prime factors of j.
2
Suppose 2*t + 7 = -m - 3*t, -2*t = -4*m + 82. Suppose 5*z - 6*z + 4*a = -m, -3*z - 5*a = -105. What are the prime factors of z?
2, 3, 5
Let f = 586 - 331. What are the prime factors of f?
3, 5, 17
Suppose -20*l + 5*l = -7770. What are the prime factors of l?
2, 7, 37
Let q = 3693 + -1737. List the prime factors of q.
2, 3, 163
Let k(d) = -4*d**3 - 3*d**2 + 18*d - 2. List the prime factors of k(-7).
1097
Let v(r) = r**3 + 11*r**2 - 13*r + 8. Let p be v(-10). Let q be p/(-26) - (-2)/13. What are the prime factors of 708/27 + 2/q?
2, 13
Let y be (-1 - -4) + (-6)/2 + 3. Suppose -2*m + 7*m + 3*x = 340, y*m = -3*x + 198. What are the prime factors of m?
71
Let k be 3/(-5)*(-3 - -8). Let y be (k - 0)*1 - 1. Let r(t) = -8*t